git of ((-224)/(-12))/(11/(21615/10))?
6
Let x(l) = 2*l + 2. Let b(v) = v + 1. Let g(r) = -3*b(r) + x(r). What is the units digit of g(-6)?
5
Let w be (-121)/(-5) + (-28)/(-35). Let g = w - 4. What is the tens digit of g?
2
Suppose 0 = 11*h - 8*h + 3. Let i(q) = q + 4. Let l be i(h). Suppose l*m - 24 = 66. What is the tens digit of m?
3
Suppose 5*k = -5*t - 41 + 1531, 2*k = 4*t + 608. What is the units digit of 3 - 5/(-10)*(-2 + k)?
2
Suppose 0 = 5*r - 5*c - 110, -7*c = -2*r - 3*c + 54. Let k = 73 - r. What is the tens digit of 9/(-6)*2 + k?
5
Suppose -3*f - 348 = -3*x + 6*x, 5*x = -f - 100. Let i be 4/(-14) - f/(-21). What is the units digit of 25/2 - (-9)/i?
1
Let z be -7*2*1323/(-54). Suppose 85 = r + 3*u, -3*r + 2*u + z = 66. What is the units digit of r?
1
Suppose 2*y - 2*n - 1384 - 702 = 0, -4178 = -4*y + 2*n. What is the hundreds digit of y?
0
Let r = 32 + -163. Let w = -37 - r. What is the tens digit of w?
9
Let q(h) = h**2 + 0*h**2 + 0*h + 5 - h. Suppose -2*c = -2*u - 2, 3*u + 3 = 6*c - 2*c. What is the units digit of q(c)?
5
Let m(a) = 7*a**2 + 34. What is the units digit of m(7)?
7
What is the hundreds digit of (-3955)/(-7)*(0 - (2 - 3))?
5
Let f(d) = -d**2 - 2*d + 8. Let q be f(-4). Suppose -167 = -q*w - 2*w - g, 5*g = -5. What is the units digit of w?
4
Suppose 195 = -3*g - 2*o, -5*g - 195 = -2*g + 5*o. Let u = g + 138. What is the units digit of u?
3
Suppose -4*c - 8 = 0, p + 4*p + 5*c - 2115 = 0. Suppose 3*l - p = -2*l - 4*q, -5*l - 3*q + 420 = 0. What is the tens digit of l?
8
Let y be 3/(-3)*(0 + 0). Suppose -4*m = -j - 2*m, y = 2*j + 3*m. Suppose j*a = -a + 38. What is the tens digit of a?
3
Let n(t) be the second derivative of t**4/4 - 2*t**3/3 + 2*t**2 + 4*t. Let q be n(2). What is the units digit of q + -2 - (-1 + 1)?
6
Let d(r) = -138*r**3 - 8*r**2 - 8*r + 22. What is the thousands digit of d(-3)?
3
Suppose 5*q + 2944 = 3*u - 2293, 4*u - 6977 = q. What is the hundreds digit of u?
7
Let m(f) be the third derivative of -f**6/120 + 4*f**5/15 + f**4/24 + 13*f**3/3 + 14*f**2. What is the units digit of m(16)?
2
Let t(r) = -r**2 - 7*r - 5. Let d be t(-5). Suppose 10*h + 20 = d*h. What is the tens digit of (-3 - 8/h) + 33?
3
Let b be (8/(-6))/((-20)/(-30)). What is the units digit of (-6)/(18/(-33)) + b?
9
Let v = 730 + -165. What is the units digit of v?
5
Let d(f) = -f**3 + 10*f**2 - 7*f - 13. Let k be d(9). Suppose m - 710 = -k*g, 2*m = 2*g + 2*g - 554. What is the tens digit of g?
4
Let m(z) = -2*z - 5. Suppose 2*r - 4 = -10. What is the units digit of m(r)?
1
Suppose -3*n + 2*v - 22 = 1, 0 = n - v + 9. What is the units digit of (n/15)/(4/(-24))?
2
Suppose -2*n + 4605 = 3*n - 3*u, n + 4*u = 898. Suppose 3*d - 12*d = -n. What is the units digit of d?
2
Suppose -2 = 4*g - 22. Suppose g*v + 17 - 7 = 0. Let j = v + 29. What is the tens digit of j?
2
Suppose -4*w - 7 - 1 = 0. Let o be 0 + w*13/(-2). Suppose 3*t - 14 = o. What is the units digit of t?
9
Suppose 0 = l - 4*l. Suppose -2*d - 10 + 76 = l. What is the tens digit of ((-55)/d)/(1/(-15))?
2
Let c(r) = -4*r - 1. Let g be c(-1). Suppose g*q + 272 = 5*l + 2*q, q + 2 = 0. What is the units digit of l?
4
Suppose -3*x - 4*d = -13, -2*x - 3*d = -0*x - 9. Let c(n) = n**2 - 7*n - n**x - 9 + 13*n**2 - 3*n**2. What is the tens digit of c(10)?
2
What is the hundreds digit of -6*(-2114)/8 + (-1)/2?
5
Let p(v) = -31*v + 2. Let q be p(-5). Suppose -3*n - q = -2*c, -n = n - 5*c + 90. What is the units digit of (638/n)/(4/(-10))?
9
What is the units digit of -1*(1*-491 + 8 + -8)?
1
Suppose 4*b + 23 = -45. Let o(n) = -8*n - 36. What is the tens digit of o(b)?
0
Let z = 144 - 134. Suppose 9*h = z*h - 262. What is the units digit of h?
2
Suppose 5*y - 16285 = -v, -5*v = 10*y - 13*y + 9799. What is the tens digit of y?
5
Let q(z) = 3*z**3 - 4*z**2 + 10*z - 22. What is the tens digit of q(5)?
0
Let f be (-923)/(-3) + 10/30. Suppose -5*j = 2*j - f. What is the units digit of j?
4
Let t(u) = 21*u**2 - 8*u**2 + 0 + 10*u - 3*u**3 + 4*u**3 - 3. What is the tens digit of t(-12)?
2
Suppose 17*d = 12*d + 2*r + 12175, 5*d - 12200 = -3*r. What is the hundreds digit of d?
4
Suppose 5*u + 3*h - 1763 = 0, -u + 3*h + 430 = 63. What is the tens digit of u?
5
Let j(g) = -217*g + 90. What is the thousands digit of j(-9)?
2
Suppose -3*w - 4*w + 28 = 0. Suppose -p - w*s = -79, 3*p - 3*s = 227 - 20. What is the tens digit of p?
7
Suppose 2*o - 4*o - 3*c = -1820, -4*o + 5*c = -3684. What is the units digit of o?
6
Let m = 29 - 24. Suppose o + 95 = -10*q + m*q, 0 = q + 2*o + 10. What is the tens digit of 51 - 3*q/15?
5
What is the tens digit of -3 + 8788/16 - (-3)/(-12)?
4
Suppose 6*r = -2*g + 3*r - 1137, -4*r - 2264 = 4*g. Let m = -359 - g. What is the tens digit of m?
0
Let c(u) = 3*u - 24. Suppose 0*f - 21 = -3*z - 3*f, 3*z - 2*f - 36 = 0. Let a be c(z). What is the units digit of 22/4 + (-3)/a?
5
Let h(m) = -134*m + 2. Let b(a) = 67*a - 1. Let o(v) = 5*b(v) + 2*h(v). Let k be o(1). Suppose n - k = -n. What is the units digit of n?
3
Let s(h) = h**3 - 17*h**2 + 3*h + 10. Let z be s(18). Let p = -163 + z. What is the hundreds digit of p?
2
Let k = -12 - -23. Let s = k - 6. Suppose s*n - 105 = 5*i, 3*n - 84 = -n - i. What is the units digit of n?
1
Suppose -3*x = m - 19, 2*m + 4*x = -3*m + 62. Let b be (3/(-5))/((-2)/m). Suppose 3*c = -12, 0*c = -4*d - b*c + 16. What is the units digit of d?
7
Let w(z) be the third derivative of 19/120*z**6 + 0*z**4 - 1/6*z**3 + 1/60*z**5 + 0*z - 6*z**2 + 0. What is the units digit of w(1)?
9
Let q(u) = 2*u**3 - 13*u**2 + 3*u + 10. Let i(n) = -2*n**3 + 12*n**2 - 2*n - 10. Let h(p) = -6*i(p) - 5*q(p). What is the tens digit of h(6)?
7
What is the thousands digit of ((-208)/(-16) + 2)*1914/10?
2
Let g = -65 + 241. Suppose 12*j - g = 8*j. What is the units digit of j?
4
Let x = 10 + -7. Let f = x + -3. What is the units digit of f - -1 - (-1 + 0)?
2
Let f(r) = 2*r + 35. Let l = -1 + 21. Let z = 20 - l. What is the tens digit of f(z)?
3
Let s(c) = -c**3 + 7*c**2 - 7*c - 4. Let f be s(6). Let l = -5 - f. Suppose l = -2*r + 7. What is the units digit of r?
1
Suppose -150 + 2320 = 5*b. What is the units digit of b?
4
Suppose 0 = a + 2*f - 3666 - 740, 2 = -2*f. What is the thousands digit of a?
4
Suppose 2*j + 144 = 8*j. Suppose -2*q = 2 - 6, -3*p + 3*q = -j. What is the units digit of p?
0
Let r be 37/(-4) - 1/(-4). Let w be (-9 - r)*(-2)/6. Suppose f - 7 = -w. What is the units digit of f?
7
Suppose 0 = -5*x - 4*j + 25, -5*x = -3*x + j - 10. Let v(r) = -r**3 + 11*r**2 - r - 7. What is the tens digit of v(x)?
3
What is the units digit of 8/(64/(-8)) - -5233?
2
Suppose 39*p = 29*p + 3090. What is the units digit of p?
9
Suppose -2*w = 2*x + 6 - 20, 2*w = 3*x - 6. Suppose 3*a - 19 = -5*f, w*a = 5*f - 1 - 0. Suppose l + o - 3 = 0, 3*o + a + 0 = 0. What is the units digit of l?
4
Let r = 42 - 111. What is the hundreds digit of r*((-15)/25 - 62/30)?
1
Suppose y + 37 = 2*y. Let i = -23 + y. What is the tens digit of i?
1
What is the tens digit of (-122 - 30)*(-3)/((-9)/(-6))?
0
Let i be 1 + 5/(5/53). Let t = i - -1. What is the units digit of t?
5
Suppose 220 = 4*p - 8*p. Let i = p + 132. What is the tens digit of i?
7
What is the hundreds digit of 5*(1 - 101/(-5))?
1
Suppose -y = -2*m + 8, 3*y + 1 = -m - 9. Let i = 6 - m. Suppose -i*w = 3*g - 170, g + 0*w - 30 = 4*w. What is the tens digit of g?
5
Suppose 15 + 21 = 4*d. Suppose 3*c - 4*a = d, 5*c = -5*a - 0*a + 50. What is the tens digit of (-3)/((1/c)/(-1))?
2
Suppose 0*u - 3 = -3*u + 5*k, -2*u + 4*k = -2. Let d(c) = c + u + 12 + c. What is the units digit of d(10)?
3
What is the hundreds digit of (-9)/4*(-76)/57 - -729?
7
Let q(m) = 2*m**2 + 3*m - 4. Let f be q(-3). Suppose 4*i - 3*i = f. Suppose 4*o - 4*w - w - 89 = 0, -5 = i*w. What is the tens digit of o?
2
Suppose 74314 = 32*b + 7050. What is the hundreds digit of b?
1
Let i be (4/(-6))/((4/(-4))/15). What is the tens digit of 5/(i/66) - 4?
2
Let h(v) = -35*v**3 - 3*v**2 + 2. Let g be h(1). What is the hundreds digit of 2/9 + (-12124)/g?
3
Let w(c) = -2*c**3 - 4*c**2 - 3*c - 1. Let v(g) = g**2 - 3*g + 1. Let b be v(3). Let l be 2 + -4 - (b + 0). What is the tens digit of w(l)?
2
Let y be (-18)/(-6)*(-64)/(-6). Let g = 35 - y. Suppose 1 = i - q + g*q, 7 = 2*i + 3*q. What is the ten